{"id":40,"date":"2024-07-15T08:12:12","date_gmt":"2024-07-15T08:12:12","guid":{"rendered":"https:\/\/leslawplonka.com\/?page_id=40"},"modified":"2025-07-23T11:09:52","modified_gmt":"2025-07-23T09:09:52","slug":"wykonane-obliczenia","status":"publish","type":"page","link":"https:\/\/leslawplonka.com\/index.php\/wykonane-obliczenia\/","title":{"rendered":"Wykonane obliczenia (zazwyczaj jako podwykonawca) od roku 2011"},"content":{"rendered":"\n<ul class=\"wp-block-list\">\n<li>2025 K\u0119ty (w toku)<\/li>\n\n\n\n<li>2025 Bukowno (w toku)<\/li>\n\n\n\n<li>2025 Wis\u0142a (w toku)<\/li>\n\n\n\n<li>2025 Kluczbork (w toku)<\/li>\n\n\n\n<li>2025 \u015awierzawa<\/li>\n\n\n\n<li>2025 Pszczyna (Zak\u0142ady Mi\u0119sne, w toku)<\/li>\n\n\n\n<li>2025 Mielec (tylko WKF)<\/li>\n\n\n\n<li>2025 D\u0105browa G\u00f3rnicza Centrum (tylko WKF)<\/li>\n\n\n\n<li>2025 Dziadowa K\u0142oda<\/li>\n\n\n\n<li>2024 Ujazd<\/li>\n\n\n\n<li>2024 Paczk\u00f3w<\/li>\n\n\n\n<li>2024 Ceg\u0142\u00f3w<\/li>\n\n\n\n<li>2024 \u017b\u00f3rawina<\/li>\n\n\n\n<li>2024 Krapkowice<\/li>\n\n\n\n<li>2024 Rybnik Orzepowice<\/li>\n\n\n\n<li>2024 D\u0105browa G\u00f3rnicza B\u0142\u0119d\u00f3w<\/li>\n\n\n\n<li>2024 Turawa<\/li>\n\n\n\n<li>2024 Koluszki<\/li>\n\n\n\n<li>2024 Bytom Miechowice (2) (w toku)<\/li>\n\n\n\n<li>2024 Styk\u00f3w<\/li>\n\n\n\n<li>2024 Przenosza<\/li>\n\n\n\n<li>2024 Opole (testy gwarancyjne systemu napowietrzania &#8211; SAE, SOTE)<\/li>\n\n\n\n<li>2023 Widuchowa<\/li>\n\n\n\n<li>2023 P\u0142ock<\/li>\n\n\n\n<li>2023 Mi\u0119dzyzdroje (testy gwarancyjne systemu napowietrzania &#8211; SAE, SOTE)<\/li>\n\n\n\n<li>2023 Jurczyce (K\u0105ty Wr.)<\/li>\n\n\n\n<li>2023 Czechowice Dziedzice<\/li>\n\n\n\n<li>2023 BB-Wapienica (2)<\/li>\n\n\n\n<li>2022 Pyskowice<\/li>\n\n\n\n<li>2022 Miechowice<\/li>\n\n\n\n<li>2022 L\u0119bork<\/li>\n\n\n\n<li>2022 K\u0119ty<\/li>\n\n\n\n<li>2022 D\u0119bno Maszkienice<\/li>\n\n\n\n<li>2022 D\u0105browa G\u00f3rnicza<\/li>\n\n\n\n<li>2022 Bukowno<\/li>\n\n\n\n<li>2021 O\u017carowice<\/li>\n\n\n\n<li>2021 W\u0142oc\u0142awek<\/li>\n\n\n\n<li>2021 Wadowice<\/li>\n\n\n\n<li>2021 Namys\u0142\u00f3w<\/li>\n\n\n\n<li>2021 \u0141azy<\/li>\n\n\n\n<li>2021 Bytom BPK<\/li>\n\n\n\n<li>2020 Novalja<\/li>\n\n\n\n<li>2020 Lubin<\/li>\n\n\n\n<li>2020 Cieszyn<\/li>\n\n\n\n<li>2020 Bydgoszcz<\/li>\n\n\n\n<li>2019 Wilamowice (Zasole) (testy gwarancyjne systemu napowietrzania &#8211; SAE, SOTE)<\/li>\n\n\n\n<li>2019 Skocz\u00f3w (2)<\/li>\n\n\n\n<li>2018 Petrinja<\/li>\n\n\n\n<li>2018 Volosovo<\/li>\n\n\n\n<li>2018 L\u0119bork<\/li>\n\n\n\n<li>2018-2024 Legnica<\/li>\n\n\n\n<li>2017 \u017bar\u00f3w<\/li>\n\n\n\n<li>2017 Siemianowice Centrum<\/li>\n\n\n\n<li>2017 Ozimek<\/li>\n\n\n\n<li>2017 Myszk\u00f3w<\/li>\n\n\n\n<li>2017 K\u0119ty-\u0141\u0119ki<\/li>\n\n\n\n<li>2017 Bodzentyn<\/li>\n\n\n\n<li>2017 Bielsko-Bia\u0142a Wapienica<\/li>\n\n\n\n<li>2017 \u017bory<\/li>\n\n\n\n<li>2017 W\u0142oszczowa (kontynuacja 2014)<\/li>\n\n\n\n<li>2017 Wrze\u015bnia<\/li>\n\n\n\n<li>2017 Rad\u0142\u00f3w<\/li>\n\n\n\n<li>2017 Niepo\u0142omice (Pod\u0142\u0119\u017ce Zach\u00f3d)<\/li>\n\n\n\n<li>2017 Kluczbork<\/li>\n\n\n\n<li>2017 Jaros\u0142aw<\/li>\n\n\n\n<li>2016 Split (Chorwacja)<\/li>\n\n\n\n<li>2016 Tomasz\u00f3w Lubelski<\/li>\n\n\n\n<li>2016 Strzelce Opolskie<\/li>\n\n\n\n<li>2016 Opole<\/li>\n\n\n\n<li>2016 Nowy Targ<\/li>\n\n\n\n<li>2016 Le\u017cajsk <\/li>\n\n\n\n<li>2016 Gosty\u0144 (tylko ci\u0105g osadowy)<\/li>\n\n\n\n<li>2016 Ustro\u0144 (tylko ci\u0105g osadowy)<\/li>\n\n\n\n<li>2016 Lubin<\/li>\n\n\n\n<li>2015 Pruszk\u00f3w (testy gwarancyjne systemu napowietrzania &#8211; SAE, SOTE)<\/li>\n\n\n\n<li>2015 Prochowice<\/li>\n\n\n\n<li>2015 Lubliniec<\/li>\n\n\n\n<li>2015 Kro\u015bcienko<\/li>\n\n\n\n<li>2015 Czechowice Dziedzice (testy gwarancyjne systemu napowietrzania &#8211; SAE, SOTE)<\/li>\n\n\n\n<li>2014 Wodzis\u0142aw (Karkoszka)<\/li>\n\n\n\n<li>2014 W\u0142oszczowa<\/li>\n\n\n\n<li>2014 Ruda \u015al\u0105ska (Barbara)<\/li>\n\n\n\n<li>2014 Praszka<\/li>\n\n\n\n<li>2014 Kujawy-Krak\u00f3w<\/li>\n\n\n\n<li>2014 Jawor<\/li>\n\n\n\n<li>2014 Szczawnica<\/li>\n\n\n\n<li>2013 Z\u0142otoryja<\/li>\n\n\n\n<li>2013 Strzelin<\/li>\n\n\n\n<li>2013 Skocz\u00f3w<\/li>\n\n\n\n<li>2013 Rad\u0142\u00f3w<\/li>\n\n\n\n<li>2012 Wielu\u0144<\/li>\n\n\n\n<li>2013 FIAT Tychy<\/li>\n\n\n\n<li>2012 Lubliniec<\/li>\n\n\n\n<li>2012 Tarn\u00f3w Grodkowski<\/li>\n\n\n\n<li>2012 Szczawnica<\/li>\n\n\n\n<li>2011 G\u0142ubczyce<\/li>\n<\/ul>\n\n\n\n<p><\/p>\n","protected":false},"excerpt":{"rendered":"","protected":false},"author":1,"featured_media":0,"parent":0,"menu_order":0,"comment_status":"closed","ping_status":"closed","template":"","meta":{"footnotes":""},"class_list":["post-40","page","type-page","status-publish","hentry"],"_links":{"self":[{"href":"https:\/\/leslawplonka.com\/index.php\/wp-json\/wp\/v2\/pages\/40","targetHints":{"allow":["GET"]}}],"collection":[{"href":"https:\/\/leslawplonka.com\/index.php\/wp-json\/wp\/v2\/pages"}],"about":[{"href":"https:\/\/leslawplonka.com\/index.php\/wp-json\/wp\/v2\/types\/page"}],"author":[{"embeddable":true,"href":"https:\/\/leslawplonka.com\/index.php\/wp-json\/wp\/v2\/users\/1"}],"replies":[{"embeddable":true,"href":"https:\/\/leslawplonka.com\/index.php\/wp-json\/wp\/v2\/comments?post=40"}],"version-history":[{"count":17,"href":"https:\/\/leslawplonka.com\/index.php\/wp-json\/wp\/v2\/pages\/40\/revisions"}],"predecessor-version":[{"id":81,"href":"https:\/\/leslawplonka.com\/index.php\/wp-json\/wp\/v2\/pages\/40\/revisions\/81"}],"wp:attachment":[{"href":"https:\/\/leslawplonka.com\/index.php\/wp-json\/wp\/v2\/media?parent=40"}],"curies":[{"name":"wp","href":"https:\/\/api.w.org\/{rel}","templated":true}]}}